[2024-04-10 23:30:24,193 pyinotify error] The pathname '/etc/resolv.conf' of this watch at 0x7f54f05f1260> dir=False > has probably changed and couldn't be updated, so it cannot be trusted anymore. To fix this error move directories/files only between watched parents directories, in this case e.g. put a watch on '/etc'.
2024-04-10T23:30:24.194495+00:00 cumulus dns-watcher.py[6761]: error: The pathname '/etc/resolv.conf' of this watch at 0x7f54f05f1260> dir=False > has probably changed and couldn't be updated, so it cannot be trusted anymore. To fix this error move directories/files only between watched parents directories, in this case e.g. put a watch on '/etc'.
2024-04-10T23:30:24.210657+00:00 cumulus dhclient[6983]: bound to 10.188.108.42 -- renewal in 1527 seconds.
2024-04-10T23:30:24.217623+00:00 cumulus dns-watcher.py[364148]: RTNETLINK answers: File exists
2024-04-10T23:30:24.218072+00:00 cumulus dns-watcher.py[6761]: warning: Command '['ip', 'rule', 'add', 'prio', '99', 'to', '10.188.110.13', 'iif', 'lo']' returned non-zero exit status 2.
2024-04-10T23:30:24.221682+00:00 cumulus dns-watcher.py[364149]: RTNETLINK answers: File exists
2024-04-10T23:30:24.222097+00:00 cumulus dns-watcher.py[6761]: warning: Command '['ip', 'rule', 'add', 'prio', '99', 'to', '10.188.110.10', 'iif', 'lo']' returned non-zero exit status 2.
2024-04-10T23:55:51.687523+00:00 cumulus dhclient[6983]: DHCPREQUEST for 10.188.108.42 on eth0 to 10.188.110.12 port 67
2024-04-10T23:55:51.695645+00:00 cumulus dhclient[6983]: DHCPACK of 10.188.108.42 from 10.188.110.12
2024-04-10T23:55:51.718470+00:00 cumulus dns-watcher.py[382598]: RTNETLINK answers: File exists
2024-04-10T23:55:51.718962+00:00 cumulus dns-watcher.py[6761]: warning: Command '['ip', 'rule', 'add', 'prio', '99', 'to', '10.188.110.13', 'iif', 'lo']' returned non-zero exit status 2.
2024-04-10T23:55:51.722389+00:00 cumulus dns-watcher.py[382600]: RTNETLINK answers: File exists
2024-04-10T23:55:51.722547+00:00 cumulus dns-watcher.py[6761]: warning: Command '['ip', 'rule', 'add', 'prio', '99', 'to', '10.188.110.10', 'iif', 'lo']' returned non-zero exit status 2.
2024-04-10T23:55:51.726800+00:00 cumulus dns-watcher.py[382601]: RTNETLINK answers: File exists
2024-04-10T23:55:51.727241+00:00 cumulus dns-watcher.py[6761]: warning: Command '['ip', 'rule', 'add', 'prio', '99', 'to', '10.188.110.13', 'iif', 'lo']' returned non-zero exit status 2.
2024-04-10T23:55:51.730881+00:00 cumulus dns-watcher.py[382603]: RTNETLINK answers: File exists
2024-04-10T23:55:51.731040+00:00 cumulus dns-watcher.py[6761]: warning: Command '['ip', 'rule', 'add', 'prio', '99', 'to', '10.188.110.10', 'iif', 'lo']' returned non-zero exit status 2.
2024-04-10T23:55:51.813263+00:00 cumulus dns-watcher.py[6761]:
[2024-04-10 23:55:51,812 pyinotify error] The pathname '/etc/resolv.conf' of this watch at 0x7f54f05f1260> dir=False > has probably changed and couldn't be updated, so it cannot be trusted anymore. To fix this error move directories/files only between watched parents directories, in this case e.g. put a watch on '/etc'.
2024-04-10T23:55:51.813403+00:00 cumulus dns-watcher.py[6761]: error: The pathname '/etc/resolv.conf' of this watch at 0x7f54f05f1260> dir=False > has probably changed and couldn't be updated, so it cannot be trusted anymore. To fix this error move directories/files only between watched parents directories, in this case e.g. put a watch on '/etc'.
2024-04-10T23:55:51.826994+00:00 cumulus dhclient[6983]: bound to 10.188.108.42 -- renewal in 1658 seconds.
2024-04-10T23:55:51.833601+00:00 cumulus dns-watcher.py[382643]: RTNETLINK answers: File exists
2024-04-10T23:55:51.833927+00:00 cumulus dns-watcher.py[6761]: warning: Command '['ip', 'rule', 'add', 'prio', '99', 'to', '10.188.110.13', 'iif', 'lo']' returned non-zero exit status 2.
2024-04-10T23:55:51.837671+00:00 cumulus dns-watcher.py[382644]: RTNETLINK answers: File exists
2024-04-10T23:55:51.838093+00:00 cumulus dns-watcher.py[6761]: warning: Command '['ip', 'rule', 'add', 'prio', '99', 'to', '10.188.110.10', 'iif', 'lo']' returned non-zero exit status 2.
2024-04-11T00:00:00.055483+00:00 cumulus systemd[1]: Starting dpkg-db-backup.service - Daily dpkg database backup service...
2024-04-11T00:00:00.060950+00:00 cumulus systemd[1]: Starting logrotate.service - Rotate log files...
2024-04-11T00:00:00.268818+00:00 cumulus systemd[1]: dpkg-db-backup.service: Deactivated successfully.
2024-04-11T00:00:00.269022+00:00 cumulus systemd[1]: Finished dpkg-db-backup.service - Daily dpkg database backup service.
2024-04-11T00:00:00.332244+00:00 cumulus logrotate[385725]: /usr/sbin/invoke-rc.d: 538: /etc/init.d/rsyslog: not found
2024-04-11T00:00:00.333987+00:00 cumulus logrotate[385721]: invoke-rc.d: initscript rsyslog, action "rotate" failed.
2024-04-11T00:00:00.334541+00:00 cumulus logrotate[385641]: error: error running shared postrotate script for '/var/log/nvued.log '
2024-04-11T00:00:00.343573+00:00 cumulus systemd[1]: logrotate.service: Main process exited, code=exited, status=1/FAILURE
2024-04-11T00:00:00.344170+00:00 cumulus systemd[1]: logrotate.service: Failed with result 'exit-code'.
2024-04-11T00:00:00.344558+00:00 cumulus systemd[1]: Failed to start logrotate.service - Rotate log files.
2024-04-11T00:17:01.596916+00:00 cumulus CRON[398001]: pam_unix(cron:session): session opened for user root(uid=0) by (uid=0)
2024-04-11T00:17:01.694533+00:00 cumulus CRON[398001]: (root) END (cd / && run-parts --report /etc/cron.hourly)
2024-04-11T00:17:01.695229+00:00 cumulus CRON[398001]: pam_unix(cron:session): session closed for user root
2024-04-11T00:23:29.654881+00:00 cumulus dhclient[6983]: DHCPREQUEST for 10.188.108.42 on eth0 to 10.188.110.12 port 67
2024-04-11T00:23:29.664899+00:00 cumulus dhclient[6983]: DHCPACK of 10.188.108.42 from 10.188.110.12
2024-04-11T00:23:29.696081+00:00 cumulus dns-watcher.py[402723]: RTNETLINK answers: File exists
2024-04-11T00:23:29.697478+00:00 cumulus dns-watcher.py[6761]: warning: Command '['ip', 'rule', 'add', 'prio', '99', 'to', '10.188.110.13', 'iif', 'lo']' returned non-zero exit status 2.
2024-04-11T00:23:29.701354+00:00 cumulus dns-watcher.py[402725]: RTNETLINK answers: File exists
2024-04-11T00:23:29.704249+00:00 cumulus dns-watcher.py[6761]: warning: Command '['ip', 'rule', 'add', 'prio', '99', 'to', '10.188.110.10', 'iif', 'lo']' returned non-zero exit status 2.
2024-04-11T00:23:29.709147+00:00 cumulus dns-watcher.py[402727]: RTNETLINK answers: File exists
2024-04-11T00:23:29.710286+00:00 cumulus dns-watcher.py[6761]: warning: Command '['ip', 'rule', 'add', 'prio', '99', 'to', '10.188.110.13', 'iif', 'lo']' returned non-zero exit status 2.
2024-04-11T00:23:29.714476+00:00 cumulus dns-watcher.py[402731]: RTNETLINK answers: File exists
2024-04-11T00:23:29.715703+00:00 cumulus dns-watcher.py[6761]: warning: Command '['ip', 'rule', 'add', 'prio', '99', 'to', '10.188.110.10', 'iif', 'lo']' returned non-zero exit status 2.
2024-04-11T00:23:29.800056+00:00 cumulus dns-watcher.py[6761]:
[2024-04-11 00:23:29,799 pyinotify error] The pathname '/etc/resolv.conf' of this watch at 0x7f54f05f1260> dir=False > has probably changed and couldn't be updated, so it cannot be trusted anymore. To fix this error move directories/files only between watched parents directories, in this case e.g. put a watch on '/etc'.
2024-04-11T00:23:29.800231+00:00 cumulus dns-watcher.py[6761]: error: The pathname '/etc/resolv.conf' of this watch at 0x7f54f05f1260> dir=False > has probably changed and couldn't be updated, so it cannot be trusted anymore. To fix this error move directories/files only between watched parents directories, in this case e.g. put a watch on '/etc'.
2024-04-11T00:23:29.817743+00:00 cumulus dns-watcher.py[402769]: RTNETLINK answers: File exists
2024-04-11T00:23:29.817954+00:00 cumulus dns-watcher.py[6761]: warning: Command '['ip', 'rule', 'add', 'prio', '99', 'to', '10.188.110.13', 'iif', 'lo']' returned non-zero exit status 2.
2024-04-11T00:23:29.819393+00:00 cumulus dhclient[6983]: bound to 10.188.108.42 -- renewal in 1536 seconds.
2024-04-11T00:23:29.821453+00:00 cumulus dns-watcher.py[402770]: RTNETLINK answers: File exists
2024-04-11T00:23:29.822096+00:00 cumulus dns-watcher.py[6761]: warning: Command '['ip', 'rule', 'add', 'prio', '99', 'to', '10.188.110.10', 'iif', 'lo']' returned non-zero exit status 2.
2024-04-11T00:49:05.890520+00:00 cumulus dhclient[6983]: DHCPREQUEST for 10.188.108.42 on eth0 to 10.188.110.12 port 67
2024-04-11T00:49:05.898625+00:00 cumulus dhclient[6983]: DHCPACK of 10.188.108.42 from 10.188.110.12
2024-04-11T00:49:05.920750+00:00 cumulus dns-watcher.py[421137]: RTNETLINK answers: File exists
2024-04-11T00:49:05.922453+00:00 cumulus dns-watcher.py[6761]: warning: Command '['ip', 'rule', 'add', 'prio', '99', 'to', '10.188.110.13', 'iif', 'lo']' returned non-zero exit status 2.
2024-04-11T00:49:05.927047+00:00 cumulus dns-watcher.py[421139]: RTNETLINK answers: File exists
2024-04-11T00:49:05.928332+00:00 cumulus dns-watcher.py[6761]: warning: Command '['ip', 'rule', 'add', 'prio', '99', 'to', '10.188.110.10', 'iif', 'lo']' returned non-zero exit status 2.
2024-04-11T00:49:05.932914+00:00 cumulus dns-watcher.py[421144]: RTNETLINK answers: File exists
2024-04-11T00:49:05.934392+00:00 cumulus dns-watcher.py[6761]: warning: Command '['ip', 'rule', 'add', 'prio', '99', 'to', '10.188.110.13', 'iif', 'lo']' returned non-zero exit status 2.
2024-04-11T00:49:05.939695+00:00 cumulus dns-watcher.py[421149]: RTNETLINK answers: File exists
2024-04-11T00:49:05.939910+00:00 cumulus dns-watcher.py[6761]: warning: Command '['ip', 'rule', 'add', 'prio', '99', 'to', '10.188.110.10', 'iif', 'lo']' returned non-zero exit status 2.
2024-04-11T00:49:06.016155+00:00 cumulus dns-watcher.py[6761]:
[2024-04-11 00:49:06,015 pyinotify error] The pathname '/etc/resolv.conf' of this watch at 0x7f54f05f1260> dir=False > has probably changed and couldn't be updated, so it cannot be trusted anymore. To fix this error move directories/files only between watched parents directories, in this case e.g. put a watch on '/etc'.
2024-04-11T00:49:06.016298+00:00 cumulus dns-watcher.py[6761]: error: The pathname '/etc/resolv.conf' of this watch at 0x7f54f05f1260> dir=False > has probably changed and couldn't be updated, so it cannot be trusted anymore. To fix this error move directories/files only between watched parents directories, in this case e.g. put a watch on '/etc'.
2024-04-11T00:49:06.033620+00:00 cumulus dns-watcher.py[421182]: RTNETLINK answers: File exists
2024-04-11T00:49:06.034277+00:00 cumulus dns-watcher.py[6761]: warning: Command '['ip', 'rule', 'add', 'prio', '99', 'to', '10.188.110.13', 'iif', 'lo']' returned non-zero exit status 2.
2024-04-11T00:49:06.035078+00:00 cumulus dhclient[6983]: bound to 10.188.108.42 -- renewal in 1793 seconds.
2024-04-11T00:49:06.037687+00:00 cumulus dns-watcher.py[421183]: RTNETLINK answers: File exists
2024-04-11T00:49:06.038224+00:00 cumulus dns-watcher.py[6761]: warning: Command '['ip', 'rule', 'add', 'prio', '99', 'to', '10.188.110.10', 'iif', 'lo']' returned non-zero exit status 2.
2024-04-11T01:17:01.724152+00:00 cumulus CRON[441183]: pam_unix(cron:session): session opened for user root(uid=0) by (uid=0)
2024-04-11T01:17:01.826481+00:00 cumulus CRON[441183]: (root) END (cd / && run-parts --report /etc/cron.hourly)
2024-04-11T01:17:01.827345+00:00 cumulus CRON[441183]: pam_unix(cron:session): session closed for user root
2024-04-11T01:18:58.362880+00:00 cumulus dhclient[6983]: DHCPREQUEST for 10.188.108.42 on eth0 to 10.188.110.12 port 67
2024-04-11T01:18:58.363444+00:00 cumulus dhclient[6983]: DHCPACK of 10.188.108.42 from 10.188.110.12
2024-04-11T01:18:58.398035+00:00 cumulus dns-watcher.py[442625]: RTNETLINK answers: File exists
2024-04-11T01:18:58.399665+00:00 cumulus dns-watcher.py[6761]: warning: Command '['ip', 'rule', 'add', 'prio', '99', 'to', '10.188.110.13', 'iif', 'lo']' returned non-zero exit status 2.
2024-04-11T01:18:58.404230+00:00 cumulus dns-watcher.py[442628]: RTNETLINK answers: File exists
2024-04-11T01:18:58.405473+00:00 cumulus dns-watcher.py[6761]: warning: Command '['ip', 'rule', 'add', 'prio', '99', 'to', '10.188.110.10', 'iif', 'lo']' returned non-zero exit status 2.
2024-04-11T01:18:58.409914+00:00 cumulus dns-watcher.py[442632]: RTNETLINK answers: File exists
2024-04-11T01:18:58.411173+00:00 cumulus dns-watcher.py[6761]: warning: Command '['ip', 'rule', 'add', 'prio', '99', 'to', '10.188.110.13', 'iif', 'lo']' returned non-zero exit status 2.
2024-04-11T01:18:58.415921+00:00 cumulus dns-watcher.py[442637]: RTNETLINK answers: File exists
2024-04-11T01:18:58.416083+00:00 cumulus dns-watcher.py[6761]: warning: Command '['ip', 'rule', 'add', 'prio', '99', 'to', '10.188.110.10', 'iif', 'lo']' returned non-zero exit status 2.
2024-04-11T01:18:58.492312+00:00 cumulus dns-watcher.py[6761]:
[2024-04-11 01:18:58,491 pyinotify error] The pathname '/etc/resolv.conf' of this watch at 0x7f54f05f1260> dir=False > has probably changed and couldn't be updated, so it cannot be trusted anymore. To fix this error move directories/files only between watched parents directories, in this case e.g. put a watch on '/etc'.
2024-04-11T01:18:58.492457+00:00 cumulus dns-watcher.py[6761]: error: The pathname '/etc/resolv.conf' of this watch at 0x7f54f05f1260> dir=False > has probably changed and couldn't be updated, so it cannot be trusted anymore. To fix this error move directories/files only between watched parents directories, in this case e.g. put a watch on '/etc'.
2024-04-11T01:18:58.508553+00:00 cumulus dhclient[6983]: bound to 10.188.108.42 -- renewal in 1684 seconds.
2024-04-11T01:18:58.509760+00:00 cumulus dns-watcher.py[442670]: RTNETLINK answers: File exists
2024-04-11T01:18:58.510301+00:00 cumulus dns-watcher.py[6761]: warning: Command '['ip', 'rule', 'add', 'prio', '99', 'to', '10.188.110.13', 'iif', 'lo']' returned non-zero exit status 2.
2024-04-11T01:18:58.513509+00:00 cumulus dns-watcher.py[442671]: RTNETLINK answers: File exists
2024-04-11T01:18:58.513675+00:00 cumulus dns-watcher.py[6761]: warning: Command '['ip', 'rule', 'add', 'prio', '99', 'to', '10.188.110.10', 'iif', 'lo']' returned non-zero exit status 2.
2024-04-11T01:47:02.401476+00:00 cumulus dhclient[6983]: DHCPREQUEST for 10.188.108.42 on eth0 to 10.188.110.12 port 67
2024-04-11T01:47:02.408604+00:00 cumulus dhclient[6983]: DHCPACK of 10.188.108.42 from 10.188.110.12
2024-04-11T01:47:02.436990+00:00 cumulus dns-watcher.py[462692]: RTNETLINK answers: File exists
2024-04-11T01:47:02.437501+00:00 cumulus dns-watcher.py[6761]: warning: Command '['ip', 'rule', 'add', 'prio', '99', 'to', '10.188.110.13', 'iif', 'lo']' returned non-zero exit status 2.
2024-04-11T01:47:02.440750+00:00 cumulus dns-watcher.py[462694]: RTNETLINK answers: File exists
2024-04-11T01:47:02.440933+00:00 cumulus dns-watcher.py[6761]: warning: Command '['ip', 'rule', 'add', 'prio', '99', 'to', '10.188.110.10', 'iif', 'lo']' returned non-zero exit status 2.
2024-04-11T01:47:02.449363+00:00 cumulus dns-watcher.py[462697]: RTNETLINK answers: File exists
2024-04-11T01:47:02.449535+00:00 cumulus dns-watcher.py[6761]: warning: Command '['ip', 'rule', 'add', 'prio', '99', 'to', '10.188.110.13', 'iif', 'lo']' returned non-zero exit status 2.
2024-04-11T01:47:02.457217+00:00 cumulus dns-watcher.py[462701]: RTNETLINK answers: File exists
2024-04-11T01:47:02.457420+00:00 cumulus dns-watcher.py[6761]: warning: Command '['ip', 'rule', 'add', 'prio', '99', 'to', '10.188.110.10', 'iif', 'lo']' returned non-zero exit status 2.
2024-04-11T01:47:02.551117+00:00 cumulus dns-watcher.py[6761]:
[2024-04-11 01:47:02,550 pyinotify error] The pathname '/etc/resolv.conf' of this watch at 0x7f54f05f1260> dir=False > has probably changed and couldn't be updated, so it cannot be trusted anymore. To fix this error move directories/files only between watched parents directories, in this case e.g. put a watch on '/etc'.
2024-04-11T01:47:02.551283+00:00 cumulus dns-watcher.py[6761]: error: The pathname '/etc/resolv.conf' of this watch at 0x7f54f05f1260> dir=False > has probably changed and couldn't be updated, so it cannot be trusted anymore. To fix this error move directories/files only between watched parents directories, in this case e.g. put a watch on '/etc'.
2024-04-11T01:47:02.556575+00:00 cumulus dns-watcher.py[462741]: RTNETLINK answers: File exists
2024-04-11T01:47:02.557653+00:00 cumulus dns-watcher.py[6761]: warning: Command '['ip', 'rule', 'add', 'prio', '99', 'to', '10.188.110.13', 'iif', 'lo']' returned non-zero exit status 2.
2024-04-11T01:47:02.562204+00:00 cumulus dns-watcher.py[462744]: RTNETLINK answers: File exists
2024-04-11T01:47:02.563107+00:00 cumulus dns-watcher.py[6761]: warning: Command '['ip', 'rule', 'add', 'prio', '99', 'to', '10.188.110.10', 'iif', 'lo']' returned non-zero exit status 2.
2024-04-11T01:47:02.567618+00:00 cumulus dhclient[6983]: bound to 10.188.108.42 -- renewal in 1801 seconds.
2024-04-11T02:17:01.856849+00:00 cumulus CRON[484034]: pam_unix(cron:session): session opened for user root(uid=0) by (uid=0)
2024-04-11T02:17:01.955452+00:00 cumulus CRON[484034]: (root) END (cd / && run-parts --report /etc/cron.hourly)
2024-04-11T02:17:01.956565+00:00 cumulus CRON[484034]: pam_unix(cron:session): session closed for user root
2024-04-11T02:17:03.722458+00:00 cumulus dhclient[6983]: DHCPREQUEST for 10.188.108.42 on eth0 to 10.188.110.12 port 67
2024-04-11T02:17:03.722686+00:00 cumulus dhclient[6983]: DHCPACK of 10.188.108.42 from 10.188.110.12
2024-04-11T02:17:03.751379+00:00 cumulus dns-watcher.py[484110]: RTNETLINK answers: File exists
2024-04-11T02:17:03.753050+00:00 cumulus dns-watcher.py[6761]: warning: Command '['ip', 'rule', 'add', 'prio', '99', 'to', '10.188.110.13', 'iif', 'lo']' returned non-zero exit status 2.
2024-04-11T02:17:03.757700+00:00 cumulus dns-watcher.py[484112]: RTNETLINK answers: File exists
2024-04-11T02:17:03.758979+00:00 cumulus dns-watcher.py[6761]: warning: Command '['ip', 'rule', 'add', 'prio', '99', 'to', '10.188.110.10', 'iif', 'lo']' returned non-zero exit status 2.
2024-04-11T02:17:03.763676+00:00 cumulus dns-watcher.py[484116]: RTNETLINK answers: File exists
2024-04-11T02:17:03.765087+00:00 cumulus dns-watcher.py[6761]: warning: Command '['ip', 'rule', 'add', 'prio', '99', 'to', '10.188.110.13', 'iif', 'lo']' returned non-zero exit status 2.
2024-04-11T02:17:03.771092+00:00 cumulus dns-watcher.py[484119]: RTNETLINK answers: File exists
2024-04-11T02:17:03.772332+00:00 cumulus dns-watcher.py[6761]: warning: Command '['ip', 'rule', 'add', 'prio', '99', 'to', '10.188.110.10', 'iif', 'lo']' returned non-zero exit status 2.
2024-04-11T02:17:03.851016+00:00 cumulus dns-watcher.py[6761]:
[2024-04-11 02:17:03,850 pyinotify error] The pathname '/etc/resolv.conf' of this watch at 0x7f54f05f1260> dir=False > has probably changed and couldn't be updated, so it cannot be trusted anymore. To fix this error move directories/files only between watched parents directories, in this case e.g. put a watch on '/etc'.
2024-04-11T02:17:03.851129+00:00 cumulus dns-watcher.py[6761]: error: The pathname '/etc/resolv.conf' of this watch at 0x7f54f05f1260> dir=False > has probably changed and couldn't be updated, so it cannot be trusted anymore. To fix this error move directories/files only between watched parents directories, in this case e.g. put a watch on '/etc'.
2024-04-11T02:17:03.866113+00:00 cumulus dhclient[6983]: bound to 10.188.108.42 -- renewal in 1644 seconds.
2024-04-11T02:17:03.869679+00:00 cumulus dns-watcher.py[484155]: RTNETLINK answers: File exists
2024-04-11T02:17:03.870272+00:00 cumulus dns-watcher.py[6761]: warning: Command '['ip', 'rule', 'add', 'prio', '99', 'to', '10.188.110.13', 'iif', 'lo']' returned non-zero exit status 2.
2024-04-11T02:17:03.873452+00:00 cumulus dns-watcher.py[484156]: RTNETLINK answers: File exists
2024-04-11T02:17:03.873602+00:00 cumulus dns-watcher.py[6761]: warning: Command '['ip', 'rule', 'add', 'prio', '99', 'to', '10.188.110.10', 'iif', 'lo']' returned non-zero exit status 2.
2024-04-11T02:44:27.770954+00:00 cumulus dhclient[6983]: DHCPREQUEST for 10.188.108.42 on eth0 to 10.188.110.12 port 67
2024-04-11T02:44:27.778247+00:00 cumulus dhclient[6983]: DHCPACK of 10.188.108.42 from 10.188.110.12
2024-04-11T02:44:27.803423+00:00 cumulus dns-watcher.py[503562]: RTNETLINK answers: File exists
2024-04-11T02:44:27.804152+00:00 cumulus dns-watcher.py[6761]: warning: Command '['ip', 'rule', 'add', 'prio', '99', 'to', '10.188.110.13', 'iif', 'lo']' returned non-zero exit status 2.
2024-04-11T02:44:27.807815+00:00 cumulus dns-watcher.py[503564]: RTNETLINK answers: File exists
2024-04-11T02:44:27.808273+00:00 cumulus dns-watcher.py[6761]: warning: Command '['ip', 'rule', 'add', 'prio', '99', 'to', '10.188.110.10', 'iif', 'lo']' returned non-zero exit status 2.
2024-04-11T02:44:27.812469+00:00 cumulus dns-watcher.py[503566]: RTNETLINK answers: File exists
2024-04-11T02:44:27.813092+00:00 cumulus dns-watcher.py[6761]: warning: Command '['ip', 'rule', 'add', 'prio', '99', 'to', '10.188.110.13', 'iif', 'lo']' returned non-zero exit status 2.
2024-04-11T02:44:27.817123+00:00 cumulus dns-watcher.py[503569]: RTNETLINK answers: File exists
2024-04-11T02:44:27.817592+00:00 cumulus dns-watcher.py[6761]: warning: Command '['ip', 'rule', 'add', 'prio', '99', 'to', '10.188.110.10', 'iif', 'lo']' returned non-zero exit status 2.
2024-04-11T02:44:27.902057+00:00 cumulus dns-watcher.py[6761]:
[2024-04-11 02:44:27,901 pyinotify error] The pathname '/etc/resolv.conf' of this watch at 0x7f54f05f1260> dir=False > has probably changed and couldn't be updated, so it cannot be trusted anymore. To fix this error move directories/files only between watched parents directories, in this case e.g. put a watch on '/etc'.
2024-04-11T02:44:27.902208+00:00 cumulus dns-watcher.py[6761]: error: The pathname '/etc/resolv.conf' of this watch at 0x7f54f05f1260> dir=False > has probably changed and couldn't be updated, so it cannot be trusted anymore. To fix this error move directories/files only between watched parents directories, in this case e.g. put a watch on '/etc'.
2024-04-11T02:44:27.913942+00:00 cumulus dns-watcher.py[503609]: RTNETLINK answers: File exists
2024-04-11T02:44:27.914488+00:00 cumulus dns-watcher.py[6761]: warning: Command '['ip', 'rule', 'add', 'prio', '99', 'to', '10.188.110.13', 'iif', 'lo']' returned non-zero exit status 2.
2024-04-11T02:44:27.921025+00:00 cumulus dns-watcher.py[503610]: RTNETLINK answers: File exists
2024-04-11T02:44:27.921502+00:00 cumulus dns-watcher.py[6761]: warning: Command '['ip', 'rule', 'add', 'prio', '99', 'to', '10.188.110.10', 'iif', 'lo']' returned non-zero exit status 2.
2024-04-11T02:44:27.931310+00:00 cumulus dhclient[6983]: bound to 10.188.108.42 -- renewal in 1740 seconds.
2024-04-11T03:10:01.986042+00:00 cumulus CRON[521649]: pam_unix(cron:session): session opened for user root(uid=0) by (uid=0)
2024-04-11T03:10:02.069807+00:00 cumulus CRON[521649]: (root) END (test -e /run/systemd/system || SERVICE_MODE=1 /sbin/e2scrub_all -A -r)
2024-04-11T03:10:02.070521+00:00 cumulus CRON[521649]: pam_unix(cron:session): session closed for user root
2024-04-11T03:13:28.290788+00:00 cumulus dhclient[6983]: DHCPREQUEST for 10.188.108.42 on eth0 to 10.188.110.12 port 67
2024-04-11T03:13:28.291399+00:00 cumulus dhclient[6983]: DHCPACK of 10.188.108.42 from 10.188.110.12
2024-04-11T03:13:28.324541+00:00 cumulus dns-watcher.py[524125]: RTNETLINK answers: File exists
2024-04-11T03:13:28.326551+00:00 cumulus dns-watcher.py[6761]: warning: Command '['ip', 'rule', 'add', 'prio', '99', 'to', '10.188.110.13', 'iif', 'lo']' returned non-zero exit status 2.
2024-04-11T03:13:28.331241+00:00 cumulus dns-watcher.py[524128]: RTNETLINK answers: File exists
2024-04-11T03:13:28.332329+00:00 cumulus dns-watcher.py[6761]: warning: Command '['ip', 'rule', 'add', 'prio', '99', 'to', '10.188.110.10', 'iif', 'lo']' returned non-zero exit status 2.
2024-04-11T03:13:28.336044+00:00 cumulus dns-watcher.py[524132]: RTNETLINK answers: File exists
2024-04-11T03:13:28.336244+00:00 cumulus dns-watcher.py[6761]: warning: Command '['ip', 'rule', 'add', 'prio', '99', 'to', '10.188.110.13', 'iif', 'lo']' returned non-zero exit status 2.
2024-04-11T03:13:28.340116+00:00 cumulus dns-watcher.py[524133]: RTNETLINK answers: File exists
2024-04-11T03:13:28.341472+00:00 cumulus dns-watcher.py[6761]: warning: Command '['ip', 'rule', 'add', 'prio', '99', 'to', '10.188.110.10', 'iif', 'lo']' returned non-zero exit status 2.
2024-04-11T03:13:28.419125+00:00 cumulus dns-watcher.py[6761]:
[2024-04-11 03:13:28,418 pyinotify error] The pathname '/etc/resolv.conf' of this watch at 0x7f54f05f1260> dir=False > has probably changed and couldn't be updated, so it cannot be trusted anymore. To fix this error move directories/files only between watched parents directories, in this case e.g. put a watch on '/etc'.
2024-04-11T03:13:28.419303+00:00 cumulus dns-watcher.py[6761]: error: The pathname '/etc/resolv.conf' of this watch at 0x7f54f05f1260> dir=False > has probably changed and couldn't be updated, so it cannot be trusted anymore. To fix this error move directories/files only between watched parents directories, in this case e.g. put a watch on '/etc'.
2024-04-11T03:13:28.429861+00:00 cumulus dns-watcher.py[524170]: RTNETLINK answers: File exists
2024-04-11T03:13:28.430332+00:00 cumulus dns-watcher.py[6761]: warning: Command '['ip', 'rule', 'add', 'prio', '99', 'to', '10.188.110.13', 'iif', 'lo']' returned non-zero exit status 2.
2024-04-11T03:13:28.433709+00:00 cumulus dns-watcher.py[524171]: RTNETLINK answers: File exists
2024-04-11T03:13:28.434433+00:00 cumulus dns-watcher.py[6761]: warning: Command '['ip', 'rule', 'add', 'prio', '99', 'to', '10.188.110.10', 'iif', 'lo']' returned non-zero exit status 2.
2024-04-11T03:13:28.434997+00:00 cumulus dhclient[6983]: bound to 10.188.108.42 -- renewal in 1722 seconds.
2024-04-11T03:17:01.092592+00:00 cumulus CRON[526665]: pam_unix(cron:session): session opened for user root(uid=0) by (uid=0)
2024-04-11T03:17:01.194738+00:00 cumulus CRON[526665]: (root) END (cd / && run-parts --report /etc/cron.hourly)
2024-04-11T03:17:01.195013+00:00 cumulus CRON[526665]: pam_unix(cron:session): session closed for user root
2024-04-11T03:42:10.347736+00:00 cumulus dhclient[6983]: DHCPREQUEST for 10.188.108.42 on eth0 to 10.188.110.12 port 67
2024-04-11T03:42:10.354669+00:00 cumulus dhclient[6983]: DHCPACK of 10.188.108.42 from 10.188.110.12
2024-04-11T03:42:10.377489+00:00 cumulus dns-watcher.py[544392]: RTNETLINK answers: File exists
2024-04-11T03:42:10.379141+00:00 cumulus dns-watcher.py[6761]: warning: Command '['ip', 'rule', 'add', 'prio', '99', 'to', '10.188.110.13', 'iif', 'lo']' returned non-zero exit status 2.
2024-04-11T03:42:10.383495+00:00 cumulus dns-watcher.py[544394]: RTNETLINK answers: File exists
2024-04-11T03:42:10.384747+00:00 cumulus dns-watcher.py[6761]: warning: Command '['ip', 'rule', 'add', 'prio', '99', 'to', '10.188.110.10', 'iif', 'lo']' returned non-zero exit status 2.
2024-04-11T03:42:10.389440+00:00 cumulus dns-watcher.py[544399]: RTNETLINK answers: File exists
2024-04-11T03:42:10.390920+00:00 cumulus dns-watcher.py[6761]: warning: Command '['ip', 'rule', 'add', 'prio', '99', 'to', '10.188.110.13', 'iif', 'lo']' returned non-zero exit status 2.
2024-04-11T03:42:10.396152+00:00 cumulus dns-watcher.py[544404]: RTNETLINK answers: File exists
2024-04-11T03:42:10.396982+00:00 cumulus dns-watcher.py[6761]: warning: Command '['ip', 'rule', 'add', 'prio', '99', 'to', '10.188.110.10', 'iif', 'lo']' returned non-zero exit status 2.
2024-04-11T03:42:10.470752+00:00 cumulus dns-watcher.py[6761]:
[2024-04-11 03:42:10,470 pyinotify error] The pathname '/etc/resolv.conf' of this watch at 0x7f54f05f1260> dir=False > has probably changed and couldn't be updated, so it cannot be trusted anymore. To fix this error move directories/files only between watched parents directories, in this case e.g. put a watch on '/etc'.
2024-04-11T03:42:10.470900+00:00 cumulus dns-watcher.py[6761]: error: The pathname '/etc/resolv.conf' of this watch at 0x7f54f05f1260> dir=False > has probably changed and couldn't be updated, so it cannot be trusted anymore. To fix this error move directories/files only between watched parents directories, in this case e.g. put a watch on '/etc'.
2024-04-11T03:42:10.487150+00:00 cumulus dhclient[6983]: bound to 10.188.108.42 -- renewal in 1625 seconds.
2024-04-11T03:42:10.493678+00:00 cumulus dns-watcher.py[544437]: RTNETLINK answers: File exists
2024-04-11T03:42:10.494101+00:00 cumulus dns-watcher.py[6761]: warning: Command '['ip', 'rule', 'add', 'prio', '99', 'to', '10.188.110.13', 'iif', 'lo']' returned non-zero exit status 2.
2024-04-11T03:42:10.497486+00:00 cumulus dns-watcher.py[544438]: RTNETLINK answers: File exists
2024-04-11T03:42:10.497644+00:00 cumulus dns-watcher.py[6761]: warning: Command '['ip', 'rule', 'add', 'prio', '99', 'to', '10.188.110.10', 'iif', 'lo']' returned non-zero exit status 2.
2024-04-11T04:09:15.955647+00:00 cumulus dhclient[6983]: DHCPREQUEST for 10.188.108.42 on eth0 to 10.188.110.12 port 67
2024-04-11T04:09:15.964012+00:00 cumulus dhclient[6983]: DHCPACK of 10.188.108.42 from 10.188.110.12
2024-04-11T04:09:15.990966+00:00 cumulus dns-watcher.py[563419]: RTNETLINK answers: File exists
2024-04-11T04:09:15.992426+00:00 cumulus dns-watcher.py[6761]: warning: Command '['ip', 'rule', 'add', 'prio', '99', 'to', '10.188.110.13', 'iif', 'lo']' returned non-zero exit status 2.
2024-04-11T04:09:15.996729+00:00 cumulus dns-watcher.py[563421]: RTNETLINK answers: File exists
2024-04-11T04:09:15.997809+00:00 cumulus dns-watcher.py[6761]: warning: Command '['ip', 'rule', 'add', 'prio', '99', 'to', '10.188.110.10', 'iif', 'lo']' returned non-zero exit status 2.
2024-04-11T04:09:16.002707+00:00 cumulus dns-watcher.py[563426]: RTNETLINK answers: File exists
2024-04-11T04:09:16.003713+00:00 cumulus dns-watcher.py[6761]: warning: Command '['ip', 'rule', 'add', 'prio', '99', 'to', '10.188.110.13', 'iif', 'lo']' returned non-zero exit status 2.
2024-04-11T04:09:16.009243+00:00 cumulus dns-watcher.py[563428]: RTNETLINK answers: File exists
2024-04-11T04:09:16.010347+00:00 cumulus dns-watcher.py[6761]: warning: Command '['ip', 'rule', 'add', 'prio', '99', 'to', '10.188.110.10', 'iif', 'lo']' returned non-zero exit status 2.
2024-04-11T04:09:16.085766+00:00 cumulus dns-watcher.py[6761]:
[2024-04-11 04:09:16,085 pyinotify error] The pathname '/etc/resolv.conf' of this watch at 0x7f54f05f1260> dir=False > has probably changed and couldn't be updated, so it cannot be trusted anymore. To fix this error move directories/files only between watched parents directories, in this case e.g. put a watch on '/etc'.
2024-04-11T04:09:16.086764+00:00 cumulus dns-watcher.py[6761]: error: The pathname '/etc/resolv.conf' of this watch at 0x7f54f05f1260> dir=False > has probably changed and couldn't be updated, so it cannot be trusted anymore. To fix this error move directories/files only between watched parents directories, in this case e.g. put a watch on '/etc'.
2024-04-11T04:09:16.104361+00:00 cumulus dhclient[6983]: bound to 10.188.108.42 -- renewal in 1405 seconds.
2024-04-11T04:09:16.105741+00:00 cumulus dns-watcher.py[563464]: RTNETLINK answers: File exists
2024-04-11T04:09:16.106119+00:00 cumulus dns-watcher.py[6761]: warning: Command '['ip', 'rule', 'add', 'prio', '99', 'to', '10.188.110.13', 'iif', 'lo']' returned non-zero exit status 2.
2024-04-11T04:09:16.109705+00:00 cumulus dns-watcher.py[563465]: RTNETLINK answers: File exists
2024-04-11T04:09:16.110139+00:00 cumulus dns-watcher.py[6761]: warning: Command '['ip', 'rule', 'add', 'prio', '99', 'to', '10.188.110.10', 'iif', 'lo']' returned non-zero exit status 2.
2024-04-11T04:17:01.224046+00:00 cumulus CRON[568885]: pam_unix(cron:session): session opened for user root(uid=0) by (uid=0)
2024-04-11T04:17:01.334771+00:00 cumulus CRON[568885]: (root) END (cd / && run-parts --report /etc/cron.hourly)
2024-04-11T04:17:01.335358+00:00 cumulus CRON[568885]: pam_unix(cron:session): session closed for user root
2024-04-11T04:32:40.302881+00:00 cumulus dhclient[6983]: DHCPREQUEST for 10.188.108.42 on eth0 to 10.188.110.12 port 67
2024-04-11T04:32:40.317411+00:00 cumulus dhclient[6983]: DHCPACK of 10.188.108.42 from 10.188.110.12
2024-04-11T04:32:40.338720+00:00 cumulus dns-watcher.py[579863]: RTNETLINK answers: File exists
2024-04-11T04:32:40.340399+00:00 cumulus dns-watcher.py[6761]: warning: Command '['ip', 'rule', 'add', 'prio', '99', 'to', '10.188.110.13', 'iif', 'lo']' returned non-zero exit status 2.
2024-04-11T04:32:40.344858+00:00 cumulus dns-watcher.py[579865]: RTNETLINK answers: File exists
2024-04-11T04:32:40.350802+00:00 cumulus dns-watcher.py[6761]: warning: Command '['ip', 'rule', 'add', 'prio', '99', 'to', '10.188.110.10', 'iif', 'lo']' returned non-zero exit status 2.
2024-04-11T04:32:40.355444+00:00 cumulus dns-watcher.py[579871]: RTNETLINK answers: File exists
2024-04-11T04:32:40.361499+00:00 cumulus dns-watcher.py[6761]: warning: Command '['ip', 'rule', 'add', 'prio', '99', 'to', '10.188.110.13', 'iif', 'lo']' returned non-zero exit status 2.
2024-04-11T04:32:40.365812+00:00 cumulus dns-watcher.py[579876]: RTNETLINK answers: File exists
2024-04-11T04:32:40.371558+00:00 cumulus dns-watcher.py[6761]: warning: Command '['ip', 'rule', 'add', 'prio', '99', 'to', '10.188.110.10', 'iif', 'lo']' returned non-zero exit status 2.
2024-04-11T04:32:40.447699+00:00 cumulus dns-watcher.py[6761]:
[2024-04-11 04:32:40,447 pyinotify error] The pathname '/etc/resolv.conf' of this watch at 0x7f54f05f1260> dir=False > has probably changed and couldn't be updated, so it cannot be trusted anymore. To fix this error move directories/files only between watched parents directories, in this case e.g. put a watch on '/etc'.
2024-04-11T04:32:40.447842+00:00 cumulus dns-watcher.py[6761]: error: The pathname '/etc/resolv.conf' of this watch at 0x7f54f05f1260> dir=False > has probably changed and couldn't be updated, so it cannot be trusted anymore. To fix this error move directories/files only between watched parents directories, in this case e.g. put a watch on '/etc'.
2024-04-11T04:32:40.464535+00:00 cumulus dhclient[6983]: bound to 10.188.108.42 -- renewal in 1739 seconds.
2024-04-11T04:32:40.465768+00:00 cumulus dns-watcher.py[579912]: RTNETLINK answers: File exists
2024-04-11T04:32:40.466337+00:00 cumulus dns-watcher.py[6761]: warning: Command '['ip', 'rule', 'add', 'prio', '99', 'to', '10.188.110.13', 'iif', 'lo']' returned non-zero exit status 2.
2024-04-11T04:32:40.469510+00:00 cumulus dns-watcher.py[579913]: RTNETLINK answers: File exists
2024-04-11T04:32:40.469700+00:00 cumulus dns-watcher.py[6761]: warning: Command '['ip', 'rule', 'add', 'prio', '99', 'to', '10.188.110.10', 'iif', 'lo']' returned non-zero exit status 2.
2024-04-11T05:01:39.871495+00:00 cumulus dhclient[6983]: DHCPREQUEST for 10.188.108.42 on eth0 to 10.188.110.12 port 67
2024-04-11T05:01:39.878876+00:00 cumulus dhclient[6983]: DHCPACK of 10.188.108.42 from 10.188.110.12
2024-04-11T05:01:39.906914+00:00 cumulus dns-watcher.py[600080]: RTNETLINK answers: File exists
2024-04-11T05:01:39.908530+00:00 cumulus dns-watcher.py[6761]: warning: Command '['ip', 'rule', 'add', 'prio', '99', 'to', '10.188.110.13', 'iif', 'lo']' returned non-zero exit status 2.
2024-04-11T05:01:39.912739+00:00 cumulus dns-watcher.py[600082]: RTNETLINK answers: File exists
2024-04-11T05:01:39.913590+00:00 cumulus dns-watcher.py[6761]: warning: Command '['ip', 'rule', 'add', 'prio', '99', 'to', '10.188.110.10', 'iif', 'lo']' returned non-zero exit status 2.
2024-04-11T05:01:39.918342+00:00 cumulus dns-watcher.py[600085]: RTNETLINK answers: File exists
2024-04-11T05:01:39.919208+00:00 cumulus dns-watcher.py[6761]: warning: Command '['ip', 'rule', 'add', 'prio', '99', 'to', '10.188.110.13', 'iif', 'lo']' returned non-zero exit status 2.
2024-04-11T05:01:39.923168+00:00 cumulus dns-watcher.py[600088]: RTNETLINK answers: File exists
2024-04-11T05:01:39.926035+00:00 cumulus dns-watcher.py[6761]: warning: Command '['ip', 'rule', 'add', 'prio', '99', 'to', '10.188.110.10', 'iif', 'lo']' returned non-zero exit status 2.
2024-04-11T05:01:40.002541+00:00 cumulus dns-watcher.py[6761]:
[2024-04-11 05:01:40,002 pyinotify error] The pathname '/etc/resolv.conf' of this watch at 0x7f54f05f1260> dir=False > has probably changed and couldn't be updated, so it cannot be trusted anymore. To fix this error move directories/files only between watched parents directories, in this case e.g. put a watch on '/etc'.
2024-04-11T05:01:40.002683+00:00 cumulus dns-watcher.py[6761]: error: The pathname '/etc/resolv.conf' of this watch at 0x7f54f05f1260> dir=False > has probably changed and couldn't be updated, so it cannot be trusted anymore. To fix this error move directories/files only between watched parents directories, in this case e.g. put a watch on '/etc'.
2024-04-11T05:01:40.007989+00:00 cumulus dns-watcher.py[600125]: RTNETLINK answers: File exists
2024-04-11T05:01:40.009203+00:00 cumulus dns-watcher.py[6761]: warning: Command '['ip', 'rule', 'add', 'prio', '99', 'to', '10.188.110.13', 'iif', 'lo']' returned non-zero exit status 2.
2024-04-11T05:01:40.013641+00:00 cumulus dns-watcher.py[600127]: RTNETLINK answers: File exists
2024-04-11T05:01:40.014897+00:00 cumulus dns-watcher.py[6761]: warning: Command '['ip', 'rule', 'add', 'prio', '99', 'to', '10.188.110.10', 'iif', 'lo']' returned non-zero exit status 2.
2024-04-11T05:01:40.024393+00:00 cumulus dhclient[6983]: bound to 10.188.108.42 -- renewal in 1416 seconds.
2024-04-11T05:17:01.364816+00:00 cumulus CRON[610781]: pam_unix(cron:session): session opened for user root(uid=0) by (uid=0)
2024-04-11T05:17:01.462728+00:00 cumulus CRON[610781]: (root) END (cd / && run-parts --report /etc/cron.hourly)
2024-04-11T05:17:01.463133+00:00 cumulus CRON[610781]: pam_unix(cron:session): session closed for user root
2024-04-11T05:25:15.974684+00:00 cumulus dhclient[6983]: DHCPREQUEST for 10.188.108.42 on eth0 to 10.188.110.12 port 67
2024-04-11T05:25:15.981799+00:00 cumulus dhclient[6983]: DHCPACK of 10.188.108.42 from 10.188.110.12
2024-04-11T05:25:16.007475+00:00 cumulus dns-watcher.py[616550]: RTNETLINK answers: File exists
2024-04-11T05:25:16.008748+00:00 cumulus dns-watcher.py[6761]: warning: Command '['ip', 'rule', 'add', 'prio', '99', 'to', '10.188.110.13', 'iif', 'lo']' returned non-zero exit status 2.
2024-04-11T05:25:16.013109+00:00 cumulus dns-watcher.py[616552]: RTNETLINK answers: File exists
2024-04-11T05:25:16.014375+00:00 cumulus dns-watcher.py[6761]: warning: Command '['ip', 'rule', 'add', 'prio', '99', 'to', '10.188.110.10', 'iif', 'lo']' returned non-zero exit status 2.
2024-04-11T05:25:16.019113+00:00 cumulus dns-watcher.py[616557]: RTNETLINK answers: File exists
2024-04-11T05:25:16.020390+00:00 cumulus dns-watcher.py[6761]: warning: Command '['ip', 'rule', 'add', 'prio', '99', 'to', '10.188.110.13', 'iif', 'lo']' returned non-zero exit status 2.
2024-04-11T05:25:16.026844+00:00 cumulus dns-watcher.py[616562]: RTNETLINK answers: File exists
2024-04-11T05:25:16.028087+00:00 cumulus dns-watcher.py[6761]: warning: Command '['ip', 'rule', 'add', 'prio', '99', 'to', '10.188.110.10', 'iif', 'lo']' returned non-zero exit status 2.
2024-04-11T05:25:16.099805+00:00 cumulus dns-watcher.py[6761]:
[2024-04-11 05:25:16,099 pyinotify error] The pathname '/etc/resolv.conf' of this watch at 0x7f54f05f1260> dir=False > has probably changed and couldn't be updated, so it cannot be trusted anymore. To fix this error move directories/files only between watched parents directories, in this case e.g. put a watch on '/etc'.
2024-04-11T05:25:16.099948+00:00 cumulus dns-watcher.py[6761]: error: The pathname '/etc/resolv.conf' of this watch at 0x7f54f05f1260> dir=False > has probably changed and couldn't be updated, so it cannot be trusted anymore. To fix this error move directories/files only between watched parents directories, in this case e.g. put a watch on '/etc'.
2024-04-11T05:25:16.114261+00:00 cumulus dhclient[6983]: bound to 10.188.108.42 -- renewal in 1651 seconds.
2024-04-11T05:25:16.117682+00:00 cumulus dns-watcher.py[616595]: RTNETLINK answers: File exists
2024-04-11T05:25:16.118194+00:00 cumulus dns-watcher.py[6761]: warning: Command '['ip', 'rule', 'add', 'prio', '99', 'to', '10.188.110.13', 'iif', 'lo']' returned non-zero exit status 2.
2024-04-11T05:25:16.121314+00:00 cumulus dns-watcher.py[616596]: RTNETLINK answers: File exists
2024-04-11T05:25:16.121464+00:00 cumulus dns-watcher.py[6761]: warning: Command '['ip', 'rule', 'add', 'prio', '99', 'to', '10.188.110.10', 'iif', 'lo']' returned non-zero exit status 2.
2024-04-11T05:52:47.049156+00:00 cumulus dhclient[6983]: DHCPREQUEST for 10.188.108.42 on eth0 to 10.188.110.12 port 67
2024-04-11T05:52:47.057985+00:00 cumulus dhclient[6983]: DHCPACK of 10.188.108.42 from 10.188.110.12
2024-04-11T05:52:47.082327+00:00 cumulus dns-watcher.py[635636]: RTNETLINK answers: File exists
2024-04-11T05:52:47.084059+00:00 cumulus dns-watcher.py[6761]: warning: Command '['ip', 'rule', 'add', 'prio', '99', 'to', '10.188.110.13', 'iif', 'lo']' returned non-zero exit status 2.
2024-04-11T05:52:47.088620+00:00 cumulus dns-watcher.py[635638]: RTNETLINK answers: File exists
2024-04-11T05:52:47.090060+00:00 cumulus dns-watcher.py[6761]: warning: Command '['ip', 'rule', 'add', 'prio', '99', 'to', '10.188.110.10', 'iif', 'lo']' returned non-zero exit status 2.
2024-04-11T05:52:47.094974+00:00 cumulus dns-watcher.py[635643]: RTNETLINK answers: File exists
2024-04-11T05:52:47.097734+00:00 cumulus dns-watcher.py[6761]: warning: Command '['ip', 'rule', 'add', 'prio', '99', 'to', '10.188.110.13', 'iif', 'lo']' returned non-zero exit status 2.
2024-04-11T05:52:47.102773+00:00 cumulus dns-watcher.py[635648]: RTNETLINK answers: File exists
2024-04-11T05:52:47.104061+00:00 cumulus dns-watcher.py[6761]: warning: Command '['ip', 'rule', 'add', 'prio', '99', 'to', '10.188.110.10', 'iif', 'lo']' returned non-zero exit status 2.
2024-04-11T05:52:47.174162+00:00 cumulus dns-watcher.py[6761]:
[2024-04-11 05:52:47,173 pyinotify error] The pathname '/etc/resolv.conf' of this watch at 0x7f54f05f1260> dir=False > has probably changed and couldn't be updated, so it cannot be trusted anymore. To fix this error move directories/files only between watched parents directories, in this case e.g. put a watch on '/etc'.
2024-04-11T05:52:47.174326+00:00 cumulus dns-watcher.py[6761]: error: The pathname '/etc/resolv.conf' of this watch at 0x7f54f05f1260> dir=False > has probably changed and couldn't be updated, so it cannot be trusted anymore. To fix this error move directories/files only between watched parents directories, in this case e.g. put a watch on '/etc'.
2024-04-11T05:52:47.190135+00:00 cumulus dhclient[6983]: bound to 10.188.108.42 -- renewal in 1651 seconds.
2024-04-11T05:52:47.193882+00:00 cumulus dns-watcher.py[635681]: RTNETLINK answers: File exists
2024-04-11T05:52:47.194042+00:00 cumulus dns-watcher.py[6761]: warning: Command '['ip', 'rule', 'add', 'prio', '99', 'to', '10.188.110.13', 'iif', 'lo']' returned non-zero exit status 2.
2024-04-11T05:52:47.197574+00:00 cumulus dns-watcher.py[635683]: RTNETLINK answers: File exists
2024-04-11T05:52:47.197720+00:00 cumulus dns-watcher.py[6761]: warning: Command '['ip', 'rule', 'add', 'prio', '99', 'to', '10.188.110.10', 'iif', 'lo']' returned non-zero exit status 2.
2024-04-11T06:17:01.493058+00:00 cumulus CRON[652408]: pam_unix(cron:session): session opened for user root(uid=0) by (uid=0)
2024-04-11T06:17:01.586750+00:00 cumulus CRON[652408]: (root) END (cd / && run-parts --report /etc/cron.hourly)
2024-04-11T06:17:01.587285+00:00 cumulus CRON[652408]: pam_unix(cron:session): session closed for user root
2024-04-11T06:20:17.478658+00:00 cumulus dhclient[6983]: DHCPREQUEST for 10.188.108.42 on eth0 to 10.188.110.12 port 67
2024-04-11T06:20:17.484008+00:00 cumulus dhclient[6983]: DHCPACK of 10.188.108.42 from 10.188.110.12
2024-04-11T06:20:17.510946+00:00 cumulus dns-watcher.py[654715]: RTNETLINK answers: File exists
2024-04-11T06:20:17.511440+00:00 cumulus dns-watcher.py[6761]: warning: Command '['ip', 'rule', 'add', 'prio', '99', 'to', '10.188.110.13', 'iif', 'lo']' returned non-zero exit status 2.
2024-04-11T06:20:17.514656+00:00 cumulus dns-watcher.py[654717]: RTNETLINK answers: File exists
2024-04-11T06:20:17.515200+00:00 cumulus dns-watcher.py[6761]: warning: Command '['ip', 'rule', 'add', 'prio', '99', 'to', '10.188.110.10', 'iif', 'lo']' returned non-zero exit status 2.
2024-04-11T06:20:17.518958+00:00 cumulus dns-watcher.py[654718]: RTNETLINK answers: File exists
2024-04-11T06:20:17.519184+00:00 cumulus dns-watcher.py[6761]: warning: Command '['ip', 'rule', 'add', 'prio', '99', 'to', '10.188.110.13', 'iif', 'lo']' returned non-zero exit status 2.
2024-04-11T06:20:17.523414+00:00 cumulus dns-watcher.py[654720]: RTNETLINK answers: File exists
2024-04-11T06:20:17.524674+00:00 cumulus dns-watcher.py[6761]: warning: Command '['ip', 'rule', 'add', 'prio', '99', 'to', '10.188.110.10', 'iif', 'lo']' returned non-zero exit status 2.
2024-04-11T06:20:17.605691+00:00 cumulus dns-watcher.py[6761]:
[2024-04-11 06:20:17,605 pyinotify error] The pathname '/etc/resolv.conf' of this watch at 0x7f54f05f1260> dir=False > has probably changed and couldn't be updated, so it cannot be trusted anymore. To fix this error move directories/files only between watched parents directories, in this case e.g. put a watch on '/etc'.
2024-04-11T06:20:17.606808+00:00 cumulus dns-watcher.py[6761]: error: The pathname '/etc/resolv.conf' of this watch at 0x7f54f05f1260> dir=False > has probably changed and couldn't be updated, so it cannot be trusted anymore. To fix this error move directories/files only between watched parents directories, in this case e.g. put a watch on '/etc'.
2024-04-11T06:20:17.620443+00:00 cumulus dhclient[6983]: bound to 10.188.108.42 -- renewal in 1423 seconds.
2024-04-11T06:20:17.629605+00:00 cumulus dns-watcher.py[654760]: RTNETLINK answers: File exists
2024-04-11T06:20:17.630164+00:00 cumulus dns-watcher.py[6761]: warning: Command '['ip', 'rule', 'add', 'prio', '99', 'to', '10.188.110.13', 'iif', 'lo']' returned non-zero exit status 2.
2024-04-11T06:20:17.633347+00:00 cumulus dns-watcher.py[654761]: RTNETLINK answers: File exists
2024-04-11T06:20:17.633505+00:00 cumulus dns-watcher.py[6761]: warning: Command '['ip', 'rule', 'add', 'prio', '99', 'to', '10.188.110.10', 'iif', 'lo']' returned non-zero exit status 2.
2024-04-11T06:25:00.259550+00:00 cumulus systemd[1]: Started ntpsec-rotate-stats.service - Rotate ntpd stats.
2024-04-11T06:25:00.266639+00:00 cumulus systemd[1]: ntpsec.service - Network Time Service is inactive.
2024-04-11T06:25:00.272598+00:00 cumulus systemd[1]: ntpsec-rotate-stats.service: Deactivated successfully.
2024-04-11T06:25:01.602780+00:00 cumulus CRON[658022]: pam_unix(cron:session): session opened for user root(uid=0) by (uid=0)
2024-04-11T06:25:01.605769+00:00 cumulus CRON[658023]: pam_unix(cron:session): session opened for user root(uid=0) by (uid=0)
2024-04-11T06:25:01.731405+00:00 cumulus CRON[658023]: (root) END (if [ ! -d /run/systemd/system ] && [ -x /usr/libexec/ntpsec/rotate-stats ] ; then /usr/libexec/ntpsec/rotate-stats ; fi)
2024-04-11T06:25:01.732650+00:00 cumulus CRON[658023]: pam_unix(cron:session): session closed for user root
2024-04-11T06:25:01.746253+00:00 cumulus CRON[658022]: (root) END (test -x /usr/sbin/anacron || { cd / && run-parts --report /etc/cron.daily; })
2024-04-11T06:25:01.746547+00:00 cumulus CRON[658022]: pam_unix(cron:session): session closed for user root
2024-04-11T06:44:00.682653+00:00 cumulus dhclient[6983]: DHCPREQUEST for 10.188.108.42 on eth0 to 10.188.110.12 port 67
2024-04-11T06:44:00.690940+00:00 cumulus dhclient[6983]: DHCPACK of 10.188.108.42 from 10.188.110.12
2024-04-11T06:44:00.712060+00:00 cumulus dns-watcher.py[671161]: RTNETLINK answers: File exists
2024-04-11T06:44:00.713698+00:00 cumulus dns-watcher.py[6761]: warning: Command '['ip', 'rule', 'add', 'prio', '99', 'to', '10.188.110.13', 'iif', 'lo']' returned non-zero exit status 2.
2024-04-11T06:44:00.718162+00:00 cumulus dns-watcher.py[671163]: RTNETLINK answers: File exists
2024-04-11T06:44:00.719423+00:00 cumulus dns-watcher.py[6761]: warning: Command '['ip', 'rule', 'add', 'prio', '99', 'to', '10.188.110.10', 'iif', 'lo']' returned non-zero exit status 2.
2024-04-11T06:44:00.724124+00:00 cumulus dns-watcher.py[671168]: RTNETLINK answers: File exists
2024-04-11T06:44:00.730045+00:00 cumulus dns-watcher.py[6761]: warning: Command '['ip', 'rule', 'add', 'prio', '99', 'to', '10.188.110.13', 'iif', 'lo']' returned non-zero exit status 2.
2024-04-11T06:44:00.730560+00:00 cumulus dns-watcher.py[671173]: RTNETLINK answers: File exists
2024-04-11T06:44:00.731334+00:00 cumulus dns-watcher.py[6761]: warning: Command '['ip', 'rule', 'add', 'prio', '99', 'to', '10.188.110.10', 'iif', 'lo']' returned non-zero exit status 2.
2024-04-11T06:44:00.806109+00:00 cumulus dns-watcher.py[6761]:
[2024-04-11 06:44:00,805 pyinotify error] The pathname '/etc/resolv.conf' of this watch at 0x7f54f05f1260> dir=False > has probably changed and couldn't be updated, so it cannot be trusted anymore. To fix this error move directories/files only between watched parents directories, in this case e.g. put a watch on '/etc'.
2024-04-11T06:44:00.807033+00:00 cumulus dns-watcher.py[6761]: error: The pathname '/etc/resolv.conf' of this watch at 0x7f54f05f1260> dir=False > has probably changed and couldn't be updated, so it cannot be trusted anymore. To fix this error move directories/files only between watched parents directories, in this case e.g. put a watch on '/etc'.
